s the greatest common factor of 36 and 25514448?
12
What is the highest common factor of 33737 and 192395977?
3067
Calculate the greatest common divisor of 2817790 and 4730.
430
What is the highest common factor of 20409187 and 212?
53
What is the highest common divisor of 351711808 and 9408?
3136
Calculate the highest common divisor of 16081 and 63934.
13
Calculate the greatest common factor of 89366 and 16.
2
Calculate the highest common factor of 24363007 and 181411.
4903
Calculate the greatest common divisor of 59 and 4360686283.
59
Calculate the greatest common factor of 756 and 547506.
54
Calculate the highest common factor of 708 and 270132.
12
What is the highest common divisor of 12061308 and 8340?
1668
What is the greatest common divisor of 64532 and 8047520?
3796
What is the highest common divisor of 3815952 and 336?
336
Calculate the highest common divisor of 247 and 245648.
13
Calculate the highest common divisor of 124958676 and 4728.
2364
Calculate the highest common factor of 47784 and 138864.
264
What is the greatest common divisor of 55 and 1020335?
5
Calculate the highest common divisor of 10 and 13897038.
2
Calculate the highest common divisor of 3714 and 75562568.
1238
What is the highest common factor of 1473306 and 4650?
186
What is the greatest common divisor of 1 and 3548828?
1
What is the greatest common factor of 40 and 16608430?
10
Calculate the highest common divisor of 18500 and 9226764.
148
What is the highest common divisor of 742 and 42297318?
14
What is the greatest common divisor of 275 and 68992075?
25
What is the greatest common divisor of 202 and 1074072?
2
Calculate the greatest common divisor of 1488888 and 88694.
122
What is the greatest common factor of 7595 and 194285?
245
What is the greatest common factor of 16704612 and 8214?
222
What is the greatest common divisor of 1352 and 11123684?
52
Calculate the greatest common divisor of 544999872 and 24.
24
What is the greatest common divisor of 13887 and 127271269?
1543
Calculate the greatest common divisor of 2502 and 21337612.
278
What is the greatest common divisor of 60043452 and 888?
444
Calculate the greatest common divisor of 61 and 1257156625.
61
What is the highest common factor of 14135076 and 1044?
36
What is the highest common factor of 6 and 7677714?
6
What is the highest common factor of 2599 and 529292?
113
What is the greatest common divisor of 448 and 303326688?
224
Calculate the greatest common divisor of 70 and 24130085.
35
Calculate the greatest common factor of 964118 and 658243.
2447
Calculate the greatest common factor of 1265308 and 180290.
3278
Calculate the greatest common divisor of 2211404 and 47644.
172
What is the greatest common divisor of 109952 and 393422?
1718
Calculate the greatest common factor of 36 and 20969487.
9
What is the greatest common divisor of 3536 and 763529?
13
Calculate the greatest common divisor of 58 and 252097.
29
What is the highest common divisor of 5095248 and 489648?
4848
What is the greatest common factor of 12525858 and 72?
18
What is the greatest common factor of 65 and 27895985?
65
What is the greatest common divisor of 578563 and 116?
1
Calculate the greatest common divisor of 11 and 54320387.
11
What is the greatest common factor of 318 and 12107232?
6
What is the highest common divisor of 1866060 and 1575?
315
What is the greatest common divisor of 76433045 and 16510?
8255
What is the greatest common factor of 2714586 and 182?
14
What is the highest common factor of 270209181 and 3447?
1149
Calculate the greatest common divisor of 9 and 31295934.
9
Calculate the greatest common factor of 2918487064 and 496.
248
What is the highest common factor of 10788 and 12143692?
3596
Calculate the highest common factor of 1025 and 4572325.
25
What is the greatest common divisor of 25524136 and 7128?
88
What is the greatest common factor of 42 and 4674026?
14
Calculate the highest common divisor of 4143695 and 1935.
215
What is the highest common divisor of 92 and 487664?
4
What is the greatest common divisor of 104334982 and 14?
2
Calculate the highest common divisor of 6663 and 339530933.
2221
Calculate the highest common factor of 816 and 92516856.
408
Calculate the greatest common factor of 873 and 116271669.
291
Calculate the greatest common divisor of 1032750 and 21114.
918
Calculate the greatest common factor of 54811 and 271577.
59
What is the highest common factor of 224 and 63553672?
56
Calculate the greatest common divisor of 51051876 and 1708.
244
What is the highest common divisor of 11573280 and 40?
40
Calculate the highest common divisor of 6813865 and 230.
115
What is the highest common factor of 7518 and 4697238?
42
Calculate the greatest common divisor of 200 and 3226180600.
200
What is the greatest common divisor of 2687 and 59363891?
2687
Calculate the greatest common divisor of 318964 and 1748.
92
What is the highest common factor of 1516629 and 361?
1
Calculate the greatest common divisor of 602502525 and 18090.
3015
What is the greatest common divisor of 249 and 22297369?
83
What is the highest common divisor of 12294 and 113766627?
2049
What is the highest common factor of 1383 and 12538278?
1383
Calculate the highest common divisor of 1443 and 465091887.
1443
Calculate the highest common divisor of 589 and 2410777.
589
Calculate the greatest common factor of 5548 and 46724.
4
Calculate the highest common divisor of 496 and 147303568.
496
What is the greatest common divisor of 6595073 and 2152?
269
What is the greatest common factor of 202384 and 11592?
56
What is the highest common factor of 3195 and 11925018?
639
What is the highest common factor of 635 and 1118078155?
635
What is the highest common factor of 633145 and 76450?
695
Calculate the highest common divisor of 55292 and 13003236.
2404
Calculate the greatest common factor of 22321358 and 232.
58
Calculate the greatest common factor of 3360 and 2208435.
15
What is the highest common factor of 21884702 and 46036?
1354
What is the greatest common factor of 12378 and 14300716?
4126
What is the highest common divisor of 83 and 139317658?
83
Calculate the highest common divisor of 8755 and 275213.
17
What is the greatest common factor of 96 and 807681376?
32
What is the highest common divisor of 1675 and 667856?
67
Calculate the highest common divisor of 556 and 69615092.
556
Calculate the greatest common divisor of 93723 and 384951.
21
Calculate the greatest common factor of 585 and 16681743.
117
Calculate the greatest common factor of 4277846268 and 69.
69
What is the greatest common divisor of 4752 and 57682152?
2376
What is the greatest common divisor of 5060 and 13486924?
1012
Calculate the greatest common factor of 3435419 and 962.
13
What is the highest common divisor of 123150 and 486853?
821
What is the highest common factor of 3274397 and 3676?
919
What is the highest common divisor of 32363436 and 84?
84
Calculate the highest common factor of 666448 and 8783350.
3622
Calculate the highest common factor of 2 and 61342979.
1
Calculate the highest common divisor of 1002 and 2991137.
167
Calculate the highest common factor of 1397215 and 985.
5
Calculate the greatest common factor of 76015 and 71113685.
3305
Calculate the greatest common divisor of 133737120 and 8.
8
What is the highest common factor of 27552 and 86772?
84
Calculate the highest common factor of 5575139 and 164.
41
What is the highest common divisor of 2616 and 50045388?
1308
Calculate the highest common divisor of 1344076690 and 311.
311
What is the greatest common factor of 1942074 and 1377?
9
Calculate the greatest common factor of 439371 and 4131.
27
Calculate the highest common divisor of 38164 and 7076.
116
What is the highest common divisor of 57 and 5833266?
57
Calculate the highest common divisor of 7068 and 4437450.
114
Calculate the highest common divisor of 4560 and 28769724.
228
What is the greatest common factor of 4849 and 2758222727?
4849
Calculate the greatest common factor of 40200615 and 7280.
455
Calculate the highest common factor of 359450 and 57400.
350
Calculate the greatest common divisor of 6 and 3903879.
3
What is the highest common factor of 6170 and 1244643250?
6170
What is the greatest common divisor of 64068 and 1112